 177. What is s(-5)?
24
Let t be (-24)/(-9) - 18/27 - -5. Let p(l) = l**2 - 6*l - 4. Give p(t).
3
Let n(y) = -2*y**3 - y**2. Let s(d) = 5*d**3 + d**2 + 4*d - 4. Let r(w) = 3*n(w) + s(w). Give r(-3).
-7
Let a = -7 + -17. Let f = -29 - a. Let t(h) = -3*h**2 - 4*h + 4. Let d(j) = 10*j**2 + 13*j - 12. Let m(i) = 2*d(i) + 7*t(i). Calculate m(f).
-11
Let x(t) = t + 1. Let w(j) = -j**3 + 5*j**2 + 5*j. Let k be w(6). Let l(b) = 2*b + 4. Let g(y) = k*x(y) + 2*l(y). Let f be (4/7)/(10/(-35)). Calculate g(f).
6
Let r(c) = 2*c + 4. Let l(n) = -8 + n + 12 + 0*n. Let j(g) = 3*l(g) - 2*r(g). What is j(10)?
-6
Let m(b) = -b**3 + b**2 - b - 1. Let z(g) = 10*g**2 + 73*g + 0*g**3 - 4*g**3 - 74*g - 1. Let p be 5/(0 + 1) - 0. Let h(u) = p*m(u) - z(u). Determine h(-4).
-4
Let y be ((-2 - -2) + 1)/((-1)/(-9)). Let t(d) = -1 - 2 - 2 - 2 + d. Give t(y).
2
Let n(l) be the third derivative of 23*l**6/120 + l**3/6 - 2*l**2 + 34. Determine n(-1).
-22
Let c(k) = 3*k + 2. Let x(s) = s. Let d(a) = c(a) - 5*x(a). Give d(-6).
14
Let s(h) = h**2 + 17*h - 201. Let p be s(-25). Let d(c) = 4*c**2 + 3*c + 4*c**2 - 2*c. Give d(p).
7
Let a(d) = -d**2 - d. Let b = 2 + 1. Suppose -2*r + 5 = b*g, 10 - 2 = -4*r. Suppose -3*u - 12 = 3*q, g*u = -2*q - 3 - 4. Give a(u).
-2
Let a(g) = g**3 - 3*g**2 - 2*g. Let b = -43 - -35. Let r(o) = -6*o - 45. Let f be r(b). Give a(f).
-6
Let q(s) = -2*s + 5. Suppose 111 = -5*w + 2*v + 2*v, -68 = 3*w - v. Let g = 28 + w. Give q(g).
-5
Let a be (-2)/(1050/(-261) - -4). Let i(m) = 3*m**2 - 3*m + 90 + 3*m - a + 4*m. Determine i(-2).
7
Let n(i) = 53*i + 432. Let a be n(-8). Let d(l) = -l**3 + 8*l**2 - 2*l - 9. What is d(a)?
-25
Let y(l) = -11*l - 36. Let s = -65 + 61. Let p be y(s). Let k(f) = 4*f - 11. What is k(p)?
21
Let d(v) be the third derivative of v**6/120 + v**5/60 + 8*v**3/3 - 47*v**2 + 8*v. Give d(0).
16
Let v be (-2 - 0) + (-7)/((-35)/90). Let f(k) = 40 - 25 - 7*k - v. Give f(3).
-22
Suppose -3*r + 25 = 2*r. Let k(c) = -33 + 7*c + 18 + r*c**2 - c**3 + 14. Suppose 16 = q + q - g, -4*q = 3*g - 12. What is k(q)?
5
Let s(b) = -b**2 + 6*b + 17. Let d be s(8). Let m(r) = -6*r**2 - 11*r. Let w(p) = -4*p**2 - 7*p. Let t(k) = 5*m(k) - 8*w(k). Calculate t(d).
3
Suppose 0 = x + 3*q - 7, 3 = -2*x - 3*q + 14. Suppose 247 + 33 = 20*t. Let k be x/14 + 52/t. Let j(b) = -b**2 + 7*b - 5. Determine j(k).
7
Let n(a) = -a + 28. Suppose -708*r + 710*r = 0. Determine n(r).
28
Let f(m) = -m - 1. Let v(c) = 10. Let y = 36 - 35. Let z(w) = y*v(w) + 5*f(w). Let x(k) = -3*k + 3. Let s(n) = 8*x(n) - 5*z(n). Give s(-4).
-5
Let y(l) be the second derivative of -l**4/12 - l**3/2 + 3*l**2/2 + 39*l. Give y(-3).
3
Suppose -16*j - 5 = -11*j. Let a(r) = 44*r. Calculate a(j).
-44
Suppose 2*i - i - 4*l = 16, 2*i = -2*l - 18. Let a(m) = 9*m**3 + m**2 + 7*m - 5. Let q(x) = -7*x**3 - 6*x + 3. Let f(z) = -4*a(z) - 5*q(z). What is f(i)?
-3
Let a(z) = 4 + 0*z + 0*z + 5*z - 1 + 3*z**2. Let y(m) = 0*m**2 - 4*m**2 - 6 - 9*m - 3*m**2. Let h(d) = -5*a(d) - 2*y(d). Calculate h(-5).
7
Let x(v) = 4*v - 3*v - v**2 + 2*v**2 - v**3 + 1. Let c be 2*63/28*148/6. Suppose 4*w - c + 99 = 0. Determine x(w).
-14
Suppose -5 + 19 = 4*r + 3*q, 2*q + 19 = 3*r. Let k(s) = s**3 - 4*s**2 - 5*s. Let m be k(r). Let c(v) = -v**2 - v + 9. What is c(m)?
9
Let p(t) = t**3 - 6*t**2 + 6. Let f(r) = 4*r**2 + 9*r - 3. Let i(d) = d**3 - d**2 - 2*d - 3. Let v be i(0). Let s be f(v). Give p(s).
6
Let j(w) = -w - 11. Let h(f) = 4*f + 25. Let d be h(-4). Let y be (4/(12/1) - 1)*d. What is j(y)?
-5
Let z(h) = -h - 2. Let q(r) = r**2 + 3*r + 5. Let a(n) = -q(n) - 3*z(n). Calculate a(-3).
-8
Let p(v) be the second derivative of 0 + 3*v + v**3 - 7/12*v**4 + 1/20*v**5 - 1/2*v**2. Let c(m) = -2*m + 4. Let d be c(-1). What is p(d)?
-1
Let n be 7*-1*28/(-49). Let b(k) = -6*k**2 + k**3 + 3 + n*k + 6 - 2. Suppose u + i = 10, 3*u + i = 2*i + 10. Give b(u).
2
Let d(k) = k**2 - 24*k + 47. Let p be d(22). Let g(t) = -3. Let l(w) = w - 10. Let j(z) = z - 11. Let f be j(9). Let h(m) = f*l(m) + 7*g(m). What is h(p)?
-7
Let p(m) = -4*m**3 - m**2 + m + 1. Let n(q) = 2*q**2 + 9*q + 4. Let i be n(-4). Suppose 0 = f - 1 - 2. Let s be (-4 - i)/1 + f. Determine p(s).
3
Let l(f) = -f**2 - 4*f + 6. Let a be 20 + 8 + (-2 - 0). Suppose -4*m - 2*v - a = 0, -2*m = -5*v + 9 - 2. Give l(m).
-6
Let x(n) be the first derivative of 2 - 4 + 6 - n. Let a(k) = -2*k**2 + 3*k - 6. Let f(i) = -a(i) + 6*x(i). Calculate f(3).
9
Let i(z) = 5*z**3 + z**2 + z + 3. Let s(h) = h**3 + 2*h**2 + 3*h - 1. Let n(x) = i(x) - 4*s(x). Give n(8).
-17
Let v be ((-2)/(-4))/((-2)/(-12)). Let g be v/2*(-6)/(-9). Let o be 3*g/(-6)*2. Let w(z) = -7*z**3 + z + 1. Calculate w(o).
7
Suppose -56*q = -44*q - 60. Let y(r) = -5*r**2 - 14*r. Let k(g) = -4*g**2 - 13*g + 1. Let n(f) = -6*k(f) + 5*y(f). What is n(q)?
9
Suppose 189 = 3*y + 4*y. Suppose v + 9 = 4*l, -5*l + v + y = 5*v. Let z(j) = -j**2 + 3*j - 4. What is z(l)?
-4
Let o(u) be the second derivative of 0 - 1/2*u**2 + 1/6*u**3 - 17*u + 1/4*u**4 + 1/20*u**5. Determine o(-3).
-4
Let m be 16*-1*74/(-148) + -7. Let v(x) = -44*x + 1. What is v(m)?
-43
Let h(r) = -2*r + 13. Let u = 20 - 15. Let b(q) = q - 7. Let s(i) = u*b(i) + 2*h(i). Give s(8).
-1
Let r(j) = -j**3 + 9*j**2 - 7*j - 6. Let t = 0 + 5. Suppose 129 = t*y + 2*f + 7, 2*y - 2*f - 46 = 0. Suppose -o = 2*o - y. Calculate r(o).
2
Let m(b) = -4*b**2 + 6*b + 8. Let z(w) = -3*w**2 + 7*w + 8. Let s(q) = -4*m(q) + 5*z(q). Calculate s(-7).
-20
Let b(d) be the first derivative of d**3/3 - 3*d**2 + 3*d + 114. What is b(9)?
30
Let u(c) = -4*c**2 + 0*c - 5 - 1 + 3*c + c**3. Let t be (1 - 0)*-1 + 24. Suppose 5*l - p = -8 + 27, 0 = 5*l + 3*p - t. What is u(l)?
6
Let n(l) = 56424*l + 2 - 56422*l + 3. Let t be (-4)/(-2 + 0) - -3. Determine n(t).
15
Let n(y) be the second derivative of y**3/6 + 4*y**2 + 6*y. Let c be ((-6)/(-15))/((-4)/240*4). Calculate n(c).
2
Let k(a) = a**2 - 6*a + 11. Let s be -2 - (102/(-14) - (-2)/7). Let b be k(s). Let x(h) = -h + 11. Calculate x(b).
5
Let j(n) = -4*n - 6. Let i be j(-5). Suppose -5*l - 6 = i. Let k = l - -1. Let q(f) = f**3 + 3*f**2 + 2*f. Give q(k).
-6
Let n(c) = c + 2. Let m be (-18)/(-5) - (98/(-70) + 1). Calculate n(m).
6
Let j(t) = -6*t**2 + 19*t + 16. Let p(f) = -2*f**2 + 7*f + 6. Let r(b) = -3*j(b) + 8*p(b). What is r(1)?
1
Let n = -20 - -16. Let o = 9 + -6. Let c(d) = -4*d**2 - 4*d + 3*d**2 + o + 2. What is c(n)?
5
Let i(r) = r**3 - 28*r**2 + 44*r**2 + 3*r**2 + 2 - 32*r**2. Determine i(13).
2
Let w(l) = -8*l**2 + 13*l - 9. Let r be w(2). Let h(x) = x + 10. Determine h(r).
-5
Let j(b) = -2*b**2 + 14*b - 4. Let c(k) = k**2 - 12*k + 3. Let n(x) = -3*c(x) - 2*j(x). What is n(-10)?
19
Let g(y) = -3*y - 15. Let q be g(-6). Let o be 4/(-3)*q + 4. Let s(f) = f + 1. Give s(o).
1
Suppose 2*p = -2*p + 8. Let f(o) = 2*o + 1 + 3 + 2*o**2 - 6*o + p*o**2 - o**3. Let j = 16 + -13. Determine f(j).
1
Let g(x) = 4*x - 1. Let l be g(2). Let r(h) = -l + 7 - h**3 + 5*h**2 - 2*h. Determine r(4).
8
Suppose -6*b - 44 + 44 = 0. Let u(g) = g + 17. Give u(b).
17
Let t be (-208)/(-6) - (-56)/42. Suppose 2*j + j - d = 58, -2*d - t = -2*j. Let l = j + -27. Let p(n) = n**3 + 6*n**2 - 8*n - 1. Determine p(l).
6
Let p be (1 - (-8 - -4)) + -4. Let i(h) = -5*h - 3. Determine i(p).
-8
Let l(o) = 174*o**3 - 332*o**3 + 13*o**2 + 19 + 157*o**3 - 2*o. Give l(13).
-7
Let r(p) = 4*p**2 + 10*p + 7. Let z(i) be the second derivative of i**4/4 + 3*i**3/2 + 3*i**2 + 2*i. Let w(l) = 2*r(l) - 3*z(l). Give w(-4).
8
Let z = 23 - 21. Let x(t) be the first derivative of t**7/840 + t**4/12 + t**3/3 + 2. Let d(g) be the third derivative of x(g). What is d(z)?
10
Let y(n) = -52*n - 172. Let c be y(-3). Let l(s) = s**2 + 14*s - 33. Determine l(c).
-1
Let q(t) = -t**2 - 12*t - 11. Let c(l) = -5*l - 1. Let j(g) = 11*g + 2. Let v(h) = 9*c(h) + 4*j(h). Let p(i) = q(i) - 5*v(i). Calculate p(-4).
6
Let i(z) be the third derivative of -z**4/12 - z**3 + 4*z**2. Let a be 0 + (-16)/2 + 68/17. Calculate i(a).
2
Let q = 1 + 2. Let o(z) = -5 - q*z + 2*z - 10*z**2 + 6. Suppose 0 = -3*b - 3*g, 0 = 5*b - b - 5*g - 9. Calculate o(b).
-10
Let p = 3 + -10. Let i(j) = -5*j - 4. Let k(v) = 16*v + 13. Let o(r) = p*i(r) - 2*k(r). Calculate o(-2).
-4
Let w(i) = 2*i**2 - 3*i. Let o be 6/27 + 2 + 14/18. Suppose 5*l - o = -4*x - 0, -2